e 4 + z = -3*v. What is c(v)?
7
Suppose 15*a - 17*a = -56. Let j be (-2)/1 + a/7. Let d(h) = h + 7 + 2*h + 3*h**2 - j*h**2 - 7*h**2 + h**3. Determine d(5).
-3
Let p(k) = k + k - k + 16*k + 6 - 16*k. Suppose 4 = -3*x - 2. Let h be 19/(-3) + x/(-6). Determine p(h).
0
Let d = 235 + -240. Let v(y) = -2*y**2 - 12*y + 2. Calculate v(d).
12
Let t(n) be the third derivative of n**4/12 + 43*n**3/6 - 55*n**2 - 2. What is t(-17)?
9
Suppose -2*l = -0*l + 2. Suppose r - 25 = -20. Let w(n) = -1 - n**2 - 2*n - r*n**2 - n + 2*n. Give w(l).
-6
Let p(r) = -r**2 - 19*r - 36. Suppose -729*b = -739*b - 170. Calculate p(b).
-2
Let c(w) = w**3 + 7*w**2 - 6*w + 4. Suppose -j + 184 = -24*j. Determine c(j).
-12
Let u(x) = -67*x + 1 + 1 - 58*x + 126*x. Suppose -12 = -3*f + f. What is u(f)?
8
Let r(n) = 2*n**2 + 4*n + 5. Let a(f) = f**2 - 7*f + 7. Let o be a(2). What is r(o)?
11
Let c(o) be the third derivative of -o**7/840 + 7*o**6/360 - 7*o**5/120 - o**4/12 - 11*o**3/6 + 19*o**2. Let x(g) be the first derivative of c(g). Give x(6).
-8
Let d(x) be the second derivative of 5*x**3/6 - 3*x**2/2 - 2*x + 323. Determine d(1).
2
Let w(d) = d**2 - 2*d + 1. Let j be w(-2). Suppose -9 = -3*v + j. Let f(h) be the second derivative of h**4/12 - 7*h**3/6 + 2*h**2 - 29*h. Determine f(v).
-2
Let m(g) = -11*g - 2. Let y = 217 - 219. Determine m(y).
20
Let q(k) = 2*k + 16. Let b(j) = -4*j - 36. Let t(c) = 2*b(c) + 5*q(c). Let x be (-1 - 0) + 5*-1. Calculate t(x).
-4
Let c(z) = -z + 10. Let i(n) = 11*n - 5. Let q be i(1). What is c(q)?
4
Let w(z) be the second derivative of z**5/20 + 5*z**4/12 + z**3/3 - 9*z**2/2 + 3*z. Let y be w(-4). Let f(t) = 6*t**3 - t. What is f(y)?
-5
Let m = -3 + -1. Let z(o) = o + 1278 - 318 - 317 - 325 - 321. Determine z(m).
-7
Let j(l) = l**3 - 3*l**2 - l - 1. Let m be j(2). Let t = m - -9. Let b(v) = -3*v - v**2 - t*v + 0*v**2 + 2 + 0*v. Calculate b(-3).
8
Let k(i) be the third derivative of 1/24*i**4 + 0*i**5 + 0*i + 3/40*i**6 + 0*i**3 + 0 - 44*i**2. Determine k(-1).
-10
Let z be (1255/1004)/((-1)/4). Let k(s) = 2*s + 9. Calculate k(z).
-1
Let h be 2 + -3 - (1 - -3). Let i(j) = j**2 + 389 - 145 + 6*j - 120 - 125. What is i(h)?
-6
Let j be 6/20 - (-12)/(-90). Let u(b) be the third derivative of -b**2 + 3/20*b**5 + 0 + 0*b + j*b**3 + 1/12*b**4. Determine u(-1).
8
Let p(m) = -3*m - 12. Let i be p(-15). Let a = i - 33. Let s(o) = o**2 + a*o**2 + 5*o + 7 - 2 + 4*o. Give s(-6).
-13
Let z(c) = -c**2 + 5*c. Let g(y) = -y + 4. Let p be g(7). Let i = 2 - p. Let v = 1 + i. Determine z(v).
-6
Suppose -2*b + 2 = -0*j - 2*j, -j + 5*b = -7. Let i(x) = 1 - 8 + 3*x - x + 6. Let u(o) = 3*o - 3. Let z(v) = 5*i(v) - 3*u(v). What is z(j)?
1
Let f = -18 - -32. Let g(h) = -h**3 + 3*h**2 - 2*h - 5 + f - 8. Suppose 0 = 4*u - 4 - 0. Determine g(u).
1
Let v = 35 + -29. Suppose v*g - g = 0. Let c(l) = -2 - 5 - l - 2. Give c(g).
-9
Suppose 0 = -16*r - 31 - 161. Let k(z) = -z - 10. Determine k(r).
2
Let i = 32 - 30. Let a(d) = i*d + 20 + d - 22. Suppose 0*k + 4 = k. Give a(k).
10
Let b(h) be the third derivative of h**5/30 + 5*h**4/24 - h**3 + 298*h**2. Calculate b(-4).
6
Suppose -3*i = -2*t + t - 14, 4*t + 2*i = 0. Let c be -4*t/6*-3. Let q be (-14)/(-12) + c/24. Let j(p) = 9*p**2 - 1. Determine j(q).
8
Let d(t) = -t - 3. Let r(v) = -100*v + 494. Let h be r(5). Determine d(h).
3
Suppose 5*r - 85 = 2*w - 82, r = -w - 5. Let j(p) be the second derivative of p**5/2 + p**4/12 + p**3/3 + p**2/2 + 3*p. What is j(r)?
-10
Let v = 7 - 11. Let o(z) be the second derivative of z**5/20 + z**4/6 - 2*z**3/3 + z**2/2 + 363*z. Determine o(v).
-15
Let r(b) = 6*b**2 + 8*b + b**3 + 7*b**2 - 5*b**2 + 2. Let d = -413 - -288. Let p be d/15 - -1 - (-3)/9. Calculate r(p).
-5
Suppose 4 = -2*n - 2*m, 2*n - n + 3*m = 2. Let d(w) = 4*w + 2. Let s(v) = -3*v - 2. Let p(a) = -2*d(a) - 3*s(a). Determine p(n).
-2
Let j(p) = 133*p - 6 - 64*p - 70*p - p**2. Let n(l) = -l**3 + 2*l**2 - l + 2. Let u(g) = -g + 10. Let m be u(8). Let t be n(m). Give j(t).
-6
Let r(j) = j**2 - 6*j + 8. Let k = 1042 - 1036. Calculate r(k).
8
Let j(t) = 2*t - t - 2*t + 6. Let o be -4*(-3)/2*1/3. Suppose 2*b + 7*a - 23 = o*a, -2*b + 5*a + 13 = 0. What is j(b)?
-3
Let u(i) be the second derivative of -i**5/20 + 5*i**4/12 - 7*i**3/6 + 5*i**2/2 - i + 145. Give u(3).
2
Let r(u) = u**2 - 9*u - 8. Let f(n) = -2*n**2 + 3*n + 36. Let a be f(0). Suppose 9 = 37*v - a*v. What is r(v)?
-8
Let i(y) be the first derivative of -y**3/3 - 3*y**2 + 2*y - 20. Suppose v + 0*h = 5*h + 28, 38 = 2*v - h. Suppose -4*q + q = v. What is i(q)?
2
Let d = 2371/3 - 790. Let g(q) be the first derivative of 2*q**2 - 4*q - d*q**3 - 3. Calculate g(4).
-4
Let a(j) be the third derivative of -j**5/60 - 5*j**4/12 - 11*j**3/6 - 42*j**2. Let k = 69 + -77. Determine a(k).
5
Suppose 26 = 21*y - 37. Let p(q) be the second derivative of 2*q**2 - 1/3*q**4 - 7*q - 1/6*q**y - 1/20*q**5 + 0. What is p(-4)?
8
Let i(d) = d**2 + 7*d**2 + d - 2*d**2 - 5*d**2 - 2. What is i(2)?
4
Let q(d) = 22*d**3 - 2*d**2 + 1. Suppose 19 - 26 = -7*s. Calculate q(s).
21
Let f(h) = h + 2. Suppose -8*c + 12 = 4. Let t be (1 - 1) + (-2 - c). What is f(t)?
-1
Let q(g) = g**2 + 6*g - 2. Suppose -78 = -42*c - 330. Determine q(c).
-2
Let s(y) be the first derivative of -7*y**4/4 + 7*y**3/3 + y**2 + 3*y - 24. Let l(o) = 15*o**3 - 14*o**2 - 4*o - 6. Let i(j) = -6*l(j) - 13*s(j). Give i(7).
-17
Suppose 3*c + 2*j + 77 = 0, 0 = 4*j - 1 + 5. Let f = c - -28. Let h(w) = -3*w + 4. What is h(f)?
-5
Let o(h) = 2*h + 9. Let a be o(-5). Let x be 5 - a*(-4 + 2). Let m(p) = 2*p**2 + 3 + x*p - 3*p**2 + 0*p + 0*p**2. Determine m(-3).
-15
Let d = 3 + 2. Let x(z) = z**2 + z + 1. Let t(s) = -4*s**2 - 12*s + 2. Let b be (-1 - 2)*(-1)/3. Let n(y) = b*t(y) + 5*x(y). What is n(d)?
-3
Let v(k) = k**3 - 5*k**2 + 5. Suppose -13 = -g - 4*c, 10*c - 8*c = 2*g - 6. Calculate v(g).
5
Suppose -2*y + 4*d - 4 = 2*d, 5*y - 3*d + 2 = 0. Let p(g) = -2*g - 2*g**y - 3*g**2 + g**3 - 291 - 4*g + 288. Determine p(6).
-3
Let t(b) = 6*b + 25 + 28 - 75 + 26. Determine t(4).
28
Suppose -m + 2*l - 9 = -1, 5*m + 4*l + 12 = 0. Let k(b) = b**3 - 3*b**2 - 3*b + 2. Let g be k(3). Let x = g - m. Let z(a) = 2*a - 1. Give z(x).
-7
Let w(u) be the first derivative of -u**3/3 + 4*u**2 + 2*u - 191. Calculate w(7).
9
Let v(b) = -6*b - 1. Let u(i) = -i. Let x be u(-3). Let h(p) = -p. Let m(l) = x*h(l) - v(l). What is m(-1)?
-2
Let v(i) be the third derivative of i**6/120 + i**5/15 - i**4/24 + 2*i**3/3 + 5*i**2. Suppose -6*d + 5*d = b + 2, 5*d + 2*b = -16. Calculate v(d).
8
Let c(q) = 68 + 3*q - 2*q - 66. Give c(-9).
-7
Let h = 0 + 1. Let l(i) = -i. Let m(j) = 7*j**3 + j**2 + j - 1. Let d be -5 + ((-14)/(-4))/7*8. Let u(f) = d*m(f) - l(f). Calculate u(h).
-7
Let a(o) = -5*o**2 - 2*o + 1. Let q be a(-1). Let w(k) = -7*k - 3. Calculate w(q).
11
Let g = 1406 - 1406. Let k(q) = 2*q**2 + q - 4. Calculate k(g).
-4
Let d(u) = -u + 2. Let h = 41 + -41. Suppose h = z - 2 + 8. What is d(z)?
8
Let v(r) = r**3 - 3*r**2 - 2*r. Let y be 55/495 + 26/9. Determine v(y).
-6
Let q(v) be the second derivative of -v**4/6 + 4*v**3/3 + 11*v**2/2 + 376*v. What is q(8)?
-53
Suppose 51 = 16*l - 13. Suppose -2*v - 3 = 3*m, 4*v - l*m - 32 = 2*v. Let o(f) = f**2 - 5*f - 8. Calculate o(v).
-2
Let d(q) = -q**2 - 1 + 6*q - 2 + 0. Suppose 16 = 3*o + o. Let f(x) = -2*x**3 + 8*x**2 + 2*x - 2. Let t be f(o). Calculate d(t).
-3
Suppose 4*v - 25 = -3*j, 3*v - 4*j - 3 = -j. Let i(p) = -p**2 - 3*p + 1. Let o(b) = 3*b**2 + 8*b - 3. Let m(y) = v*o(y) + 11*i(y). Determine m(2).
1
Let d(z) = z**3 - 5*z**2 - 6. Suppose -3*l - 8 = -23. Suppose 13 = l*r + 3. Let s(i) = i + 3. Let q be s(r). Determine d(q).
-6
Let l = 797/2 - 398. Let o(u) be the first derivative of 3 - u + l*u**2. Calculate o(-1).
-2
Let w(f) = -5 + 0 + 3 + 6 - f. Let r = -46 - -53. What is w(r)?
-3
Let a(f) = -f**3 + 2*f**2 + 6*f - 1. Let k(i) = i**2 + 19*i - 11. Let w be k(-20). Suppose j - w = 5*b, -7 = -j - 0*b + 3*b. Determine a(j).
-9
Let f(l) = -11*l + 98. Let x be f(4). Let a be 52/24 - 9/x. Let p(v) = -3*v**2 - 7*v + 2. Let m(d) = d**2 + 3*d - 1. Let z(o) = 5*m(o) + 2*p(o). Determine z(a).
-3
Let u(s) = -3*s + 1. Let c(h) = -3*h + 1. Let g(k) = -2*c(k) + 3*u(k). Suppose 2*v = 2*l + 2, 12 = 4*v + 219*l - 215*l. Calculate g(v).
-5
Let c be 1 + (-